 of 20808944 and 208.
208
What is the greatest common factor of 260005 and 1648327?
349
Calculate the greatest common factor of 104 and 31650372.
52
What is the greatest common divisor of 63 and 139006665?
63
Calculate the highest common factor of 5751 and 18126513.
639
What is the greatest common factor of 17659593 and 378?
189
Calculate the greatest common factor of 65631 and 2396283.
501
Calculate the highest common factor of 410 and 41096555.
205
Calculate the greatest common factor of 62898 and 5214.
66
What is the greatest common factor of 2076 and 25595004?
2076
Calculate the greatest common divisor of 2116622 and 666.
74
Calculate the highest common factor of 25466 and 13204870.
1498
Calculate the greatest common divisor of 12 and 2270298.
6
Calculate the highest common factor of 222794960 and 5.
5
Calculate the greatest common factor of 323 and 1334749050.
323
Calculate the highest common divisor of 13093254 and 1746.
1746
Calculate the greatest common divisor of 455590 and 5220.
290
What is the highest common factor of 971462941 and 7114?
3557
What is the highest common divisor of 12945504 and 82225?
3289
Calculate the greatest common divisor of 5986 and 100819.
41
What is the highest common factor of 72210 and 317115?
435
Calculate the greatest common factor of 2142 and 96166.
14
What is the greatest common factor of 18 and 2140430?
2
Calculate the highest common divisor of 67452869 and 899.
899
Calculate the highest common divisor of 3452442322 and 1211.
1211
Calculate the greatest common divisor of 570627278 and 104.
26
Calculate the greatest common divisor of 536 and 2439336.
536
What is the highest common divisor of 8428 and 2268896?
196
Calculate the greatest common divisor of 3213 and 325107.
27
What is the greatest common factor of 130749 and 59675757?
3189
What is the greatest common divisor of 23552 and 92672?
512
What is the greatest common factor of 250 and 1563070?
10
What is the greatest common factor of 3526579 and 196?
49
What is the greatest common divisor of 511328 and 96?
32
What is the highest common factor of 17741 and 149778?
157
Calculate the highest common divisor of 3239189 and 4502.
2251
Calculate the greatest common divisor of 335744 and 1398059.
2623
What is the greatest common factor of 1123280 and 15960?
760
What is the highest common divisor of 28496 and 1537432?
104
What is the greatest common factor of 32663 and 76718?
89
What is the greatest common factor of 6980 and 20780?
20
What is the highest common divisor of 334694657 and 6985?
1397
Calculate the highest common factor of 57706 and 1827804.
1342
What is the greatest common divisor of 42 and 1105697978?
14
Calculate the greatest common factor of 679 and 117567492.
679
What is the greatest common divisor of 45679 and 75265557?
2687
What is the greatest common divisor of 501 and 27889?
167
What is the greatest common divisor of 3099510 and 3582?
18
What is the highest common factor of 120 and 9131820?
60
What is the highest common factor of 327 and 48341064?
327
What is the highest common divisor of 90315 and 85?
5
Calculate the highest common divisor of 372 and 3893256.
12
Calculate the highest common divisor of 100 and 921556.
4
What is the greatest common factor of 11929188 and 342?
114
What is the greatest common divisor of 16 and 9120656?
16
What is the greatest common divisor of 4314 and 1512151908?
4314
Calculate the highest common divisor of 246318 and 23912.
122
Calculate the highest common factor of 2705 and 2467501.
541
Calculate the highest common factor of 162 and 10918422.
54
What is the highest common factor of 156 and 1061318284?
52
Calculate the highest common factor of 17798872 and 1127.
161
Calculate the greatest common divisor of 210239527 and 27577.
2507
What is the greatest common factor of 4091520 and 1200?
240
What is the highest common factor of 27 and 783408132?
27
What is the greatest common divisor of 111372450 and 39231?
4359
What is the highest common divisor of 2068 and 308162503?
517
Calculate the greatest common divisor of 1171989 and 50297.
689
What is the highest common divisor of 4496619 and 8619?
51
Calculate the greatest common factor of 2088 and 959784.
696
Calculate the highest common divisor of 295891140 and 237084.
10308
What is the greatest common divisor of 2 and 168625400?
2
What is the greatest common factor of 16030900 and 1600?
100
What is the highest common factor of 8267 and 12551668?
1181
What is the greatest common divisor of 1133638 and 14528?
454
Calculate the highest common divisor of 5481975 and 150.
75
What is the greatest common divisor of 210108935 and 95?
95
What is the highest common factor of 10094 and 273253232?
1442
Calculate the highest common factor of 14350572 and 126.
18
What is the greatest common divisor of 6251 and 17268223?
329
What is the greatest common divisor of 1674975 and 17825?
575
Calculate the highest common factor of 4435 and 22415.
5
What is the highest common factor of 242 and 74501515?
121
What is the highest common divisor of 109080 and 105?
15
What is the greatest common divisor of 104 and 2730247?
13
What is the greatest common divisor of 2700666 and 30798?
1062
What is the greatest common divisor of 889 and 14192123?
127
What is the greatest common divisor of 6278 and 10876781?
73
Calculate the greatest common factor of 64 and 81087072.
32
What is the highest common divisor of 176859056 and 528?
176
What is the greatest common factor of 450 and 332277975?
225
What is the greatest common divisor of 166417 and 469?
1
What is the highest common factor of 26 and 424691540?
26
What is the greatest common divisor of 10823975 and 75?
25
What is the greatest common factor of 1049028755 and 395?
395
What is the greatest common divisor of 1157 and 3405259?
13
Calculate the greatest common factor of 93977813 and 163.
163
Calculate the greatest common factor of 30784698 and 2997.
81
Calculate the greatest common factor of 56453030 and 582.
194
Calculate the greatest common divisor of 31017012 and 221.
13
What is the greatest common factor of 3300950 and 26001?
107
Calculate the greatest common factor of 251768 and 42559.
11
What is the greatest common divisor of 970141 and 11509?
677
What is the greatest common factor of 95 and 872749363?
19
Calculate the greatest common factor of 324164973 and 55.
11
What is the highest common divisor of 21904450 and 5725?
25
What is the highest common divisor of 23046505 and 605?
5
Calculate the greatest common factor of 10536 and 15144.
24
Calculate the greatest common divisor of 3256232 and 112.
56
Calculate the highest common divisor of 93645 and 6105.
15
What is the highest common factor of 532563441 and 88146?
14691
Calculate the greatest common divisor of 11127404 and 3124.
284
Calculate the greatest common factor of 3070 and 21355.
5
Calculate the highest common divisor of 7288335 and 2114215.
5435
Calculate the highest common factor of 1677 and 23870977.
559
Calculate the highest common divisor of 182 and 742326.
26
What is the greatest common divisor of 927 and 42644163?
309
Calculate the highest common divisor of 305769 and 36369.
1347
Calculate the greatest common factor of 10 and 788711500.
10
Calculate the highest common factor of 943 and 1474606.
41
What is the greatest common factor of 32896504 and 8?
8
Calculate the highest common divisor of 6 and 10127622.
6
What is the greatest common factor of 5325 and 299904?
213
Calculate the greatest common divisor of 18 and 184909104.
18
Calculate the greatest common factor of 6897384 and 416.
104
Calculate the greatest common divisor of 153357 and 941749.
527
What is the highest common divisor of 63 and 315585?
9
Calculate the greatest common factor of 49400 and 158184.
104
Calculate the greatest common divisor of 41697 and 3866013.
369
Calculate the highest common factor of 6751 and 9195019.
157
What is the highest common divisor of 38010555 and 30?
15
What is the highest common factor of 2814 and 88242?
42
What is the highest common factor of 156 and 763564542?
78
What is the greatest common factor of 383119479 and 639?
639
What is the greatest common factor of 33 and 19678109?
11
What is the highest common divisor of 6 and 198629?
1
Calculate the highest common factor of 1